hen 1787368 is divided by 191?
181
What is the remainder when 12041534 is divided by 17?
9
What is the remainder when 1041028 is divided by 19?
18
What is the remainder when 208127098 is divided by 33?
25
What is the remainder when 734786 is divided by 25337?
13
What is the remainder when 344830 is divided by 86151?
226
Calculate the remainder when 251090 is divided by 3057.
416
What is the remainder when 4179243 is divided by 17?
14
Calculate the remainder when 4594317 is divided by 324.
321
Calculate the remainder when 8703788 is divided by 1455.
1433
Calculate the remainder when 112125 is divided by 219.
216
What is the remainder when 932233097 is divided by 10?
7
What is the remainder when 441498 is divided by 2371?
492
Calculate the remainder when 25831157 is divided by 12915577.
3
Calculate the remainder when 17438088 is divided by 1985.
1848
What is the remainder when 64794 is divided by 16195?
14
What is the remainder when 6138208 is divided by 847?
846
What is the remainder when 86350 is divided by 5750?
100
What is the remainder when 3456024 is divided by 493717?
5
What is the remainder when 9582154 is divided by 280?
274
Calculate the remainder when 155289 is divided by 17172.
741
What is the remainder when 19387041 is divided by 51?
3
What is the remainder when 910401 is divided by 2705?
1521
What is the remainder when 7182483 is divided by 3591235?
13
What is the remainder when 9056899 is divided by 503161?
1
What is the remainder when 153799391 is divided by 7689969?
11
Calculate the remainder when 5956902 is divided by 297844.
22
Calculate the remainder when 3872976 is divided by 57.
54
What is the remainder when 436118 is divided by 435606?
512
Calculate the remainder when 886656 is divided by 840.
456
What is the remainder when 3741342 is divided by 1131?
1125
What is the remainder when 594464 is divided by 121?
112
Calculate the remainder when 1520739 is divided by 31681.
51
What is the remainder when 16754613 is divided by 5584861?
30
What is the remainder when 2164938 is divided by 159?
153
What is the remainder when 3697193 is divided by 25?
18
What is the remainder when 2507223 is divided by 516?
495
What is the remainder when 893314 is divided by 151?
149
What is the remainder when 5900927 is divided by 826?
809
Calculate the remainder when 12522 is divided by 807.
417
What is the remainder when 4800188 is divided by 849?
791
What is the remainder when 5376792 is divided by 1075355?
17
What is the remainder when 293098 is divided by 1541?
308
What is the remainder when 36281949 is divided by 1512?
1509
What is the remainder when 10229848 is divided by 8857?
13
Calculate the remainder when 93028 is divided by 84.
40
Calculate the remainder when 860124 is divided by 1761.
756
What is the remainder when 60681 is divided by 440?
401
Calculate the remainder when 6275741 is divided by 6183.
6179
What is the remainder when 20816400 is divided by 13?
7
What is the remainder when 1193985 is divided by 1349?
120
What is the remainder when 389140 is divided by 194525?
90
What is the remainder when 2086309 is divided by 695401?
106
Calculate the remainder when 4069054 is divided by 2034493.
68
What is the remainder when 9252532 is divided by 2313131?
8
What is the remainder when 61360370 is divided by 163?
161
What is the remainder when 180295 is divided by 10602?
61
Calculate the remainder when 53067704 is divided by 5896409.
23
Calculate the remainder when 22671547 is divided by 275.
272
What is the remainder when 3428112 is divided by 15?
12
Calculate the remainder when 2240684 is divided by 4798.
18
What is the remainder when 2392495 is divided by 2500?
2495
What is the remainder when 1150593 is divided by 1373?
19
What is the remainder when 170594962 is divided by 53?
46
Calculate the remainder when 4078758 is divided by 36.
30
What is the remainder when 62210373 is divided by 2221798?
29
Calculate the remainder when 11202331 is divided by 1120226.
71
Calculate the remainder when 2323099073 is divided by 73.
71
What is the remainder when 409873 is divided by 1459?
1353
What is the remainder when 57123438 is divided by 69?
63
What is the remainder when 966544 is divided by 48317?
204
Calculate the remainder when 39680 is divided by 9882.
152
Calculate the remainder when 15944792 is divided by 2977.
2957
Calculate the remainder when 86283241 is divided by 1188.
1177
Calculate the remainder when 25735064 is divided by 83.
1
What is the remainder when 615842 is divided by 204849?
1295
What is the remainder when 1451470 is divided by 270?
220
Calculate the remainder when 1397935 is divided by 1093.
1081
Calculate the remainder when 41499877 is divided by 290.
7
Calculate the remainder when 35962 is divided by 32873.
3089
What is the remainder when 107739 is divided by 4584?
2307
What is the remainder when 3111356 is divided by 15103?
138
What is the remainder when 11750 is divided by 147?
137
What is the remainder when 514097 is divided by 336?
17
Calculate the remainder when 24739929 is divided by 33.
27
What is the remainder when 761942026 is divided by 16?
10
What is the remainder when 14385790 is divided by 25327?
54
What is the remainder when 341895 is divided by 33975?
2145
Calculate the remainder when 117737 is divided by 57.
32
What is the remainder when 244142777 is divided by 58?
13
What is the remainder when 23168536 is divided by 966?
958
Calculate the remainder when 799530 is divided by 40.
10
What is the remainder when 247888600 is divided by 15?
10
Calculate the remainder when 61710478 is divided by 694.
692
Calculate the remainder when 263041 is divided by 130813.
1415
What is the remainder when 90962 is divided by 30222?
296
Calculate the remainder when 25196686 is divided by 311070.
16
Calculate the remainder when 10091002 is divided by 75.
52
Calculate the remainder when 17762456 is divided by 807384.
8
Calculate the remainder when 251958 is divided by 125924.
110
What is the remainder when 61655005 is divided by 310?
35
Calculate the remainder when 169918 is divided by 66.
34
What is the remainder when 322933 is divided by 21487?
628
What is the remainder when 1923244 is divided by 25?
19
Calculate the remainder when 752992 is divided by 752944.
48
Calculate the remainder when 969422 is divided by 6.
2
What is the remainder when 8549063 is divided by 1414?
19
What is the remainder when 6383595 is divided by 33?
9
Calculate the remainder when 222982 is divided by 54833.
3650
What is the remainder when 6819229 is divided by 506?
373
What is the remainder when 1300818 is divided by 1039?
1029
Calculate the remainder when 143171 is divided by 45445.
6836
Calculate the remainder when 75852 is divided by 37862.
128
What is the remainder when 10262431 is divided by 8?
7
Calculate the remainder when 2229972 is divided by 7411.
6672
Calculate the remainder when 6958259 is divided by 216.
35
Calculate the remainder when 14366 is divided by 1099.
79
What is the remainder when 176752 is divided by 44188?
0
What is the remainder when 68588126 is divided by 2394?
26
Calculate the remainder when 231903 is divided by 2389.
170
What is the remainder when 4529776 is divided by 2264885?
6
What is the remainder when 466539838 is divided by 3744?
3742
Calculate the remainder when 13806738 is divided by 1972391.
1
What is the remainder when 14021320 is divided by 200304?
40
What is the remainder when 111970312 is divided by 876?
868
What is the remainder when 2722418 is divided by 227?
7
Calculate the remainder when 23843707 is divided by 28.
27
What is the remainder when 25781 is divided by 25284?
497
What is the remainder when 139211 is divided by 3861?
215
Calculate the remainder when 3672506 is divided by 42.
26
What is the remainder when 28455 is divided by 661?
32
What is the remainder when 337466160 is divided by 57?
54
Calculate the remainder when 345830 is divided by 1544.
1518
What is the remainder when 356653 is divided by 127?
37
What is the remainder when 20433592 is divided by 1892?
1884
Calculate the remainder when 7662 is divided by 2261.
879
What is the remainder when 6041666 is divided by 4291?
4229
Calculate the remainder when 2826771 is divided by 106.
69
What is the remainder when 337416 is divided by 3308?
0